{"id":1518,"date":"2023-04-17T12:50:25","date_gmt":"2023-04-17T12:50:25","guid":{"rendered":"https:\/\/mustjalakogudus.ee\/?page_id=1518"},"modified":"2024-12-31T12:02:02","modified_gmt":"2024-12-31T12:02:02","slug":"kontakt","status":"publish","type":"page","link":"https:\/\/mustjalakogudus.ee\/?page_id=1518","title":{"rendered":"Kontakt"},"content":{"rendered":"\t\t<div data-elementor-type=\"wp-page\" data-elementor-id=\"1518\" class=\"elementor elementor-1518\">\n\t\t\t\t\t\t<section class=\"elementor-section elementor-top-section elementor-element elementor-element-7b44020 elementor-section-boxed elementor-section-height-default elementor-section-height-default\" data-id=\"7b44020\" data-element_type=\"section\">\n\t\t\t\t\t\t<div class=\"elementor-container elementor-column-gap-default\">\n\t\t\t\t\t<div class=\"elementor-column elementor-col-100 elementor-top-column elementor-element elementor-element-1a35834\" data-id=\"1a35834\" data-element_type=\"column\">\n\t\t\t<div class=\"elementor-widget-wrap elementor-element-populated\">\n\t\t\t\t\t\t<div class=\"elementor-element elementor-element-1dd1e1f elementor-widget__width-initial elementor-widget elementor-widget-heading\" data-id=\"1dd1e1f\" data-element_type=\"widget\" data-widget_type=\"heading.default\">\n\t\t\t\t<div class=\"elementor-widget-container\">\n\t\t\t\t\t<h1 class=\"elementor-heading-title elementor-size-default\">EELK Mustjala Anna kogudus<\/h1>\t\t\t\t<\/div>\n\t\t\t\t<\/div>\n\t\t\t\t\t<\/div>\n\t\t<\/div>\n\t\t\t\t\t<\/div>\n\t\t<\/section>\n\t\t\t\t<section class=\"elementor-section elementor-top-section elementor-element elementor-element-562418d4 elementor-section-boxed elementor-section-height-default elementor-section-height-default\" data-id=\"562418d4\" data-element_type=\"section\">\n\t\t\t\t\t\t<div class=\"elementor-container elementor-column-gap-default\">\n\t\t\t\t\t<div class=\"elementor-column elementor-col-100 elementor-top-column elementor-element elementor-element-608bb0d9\" data-id=\"608bb0d9\" data-element_type=\"column\">\n\t\t\t<div class=\"elementor-widget-wrap elementor-element-populated\">\n\t\t\t\t\t\t<div class=\"elementor-element elementor-element-1d912f6b elementor-widget elementor-widget-text-editor\" data-id=\"1d912f6b\" data-element_type=\"widget\" data-widget_type=\"text-editor.default\">\n\t\t\t\t<div class=\"elementor-widget-container\">\n\t\t\t\t\t\t\t\t\t<figure id=\"attachment_1525\" aria-describedby=\"caption-attachment-1525\" style=\"width: 768px\" class=\"wp-caption aligncenter\"><img fetchpriority=\"high\" decoding=\"async\" class=\"wp-image-1525 size-large\" src=\"https:\/\/mustjalakogudus.ee\/wp-content\/uploads\/2023\/04\/kirik2-768x1024.jpg\" alt=\"Kontakt\" width=\"768\" height=\"1024\" srcset=\"https:\/\/mustjalakogudus.ee\/wp-content\/uploads\/2023\/04\/kirik2-768x1024.jpg 768w, https:\/\/mustjalakogudus.ee\/wp-content\/uploads\/2023\/04\/kirik2-225x300.jpg 225w, https:\/\/mustjalakogudus.ee\/wp-content\/uploads\/2023\/04\/kirik2-1152x1536.jpg 1152w, https:\/\/mustjalakogudus.ee\/wp-content\/uploads\/2023\/04\/kirik2-1536x2048.jpg 1536w, https:\/\/mustjalakogudus.ee\/wp-content\/uploads\/2023\/04\/kirik2-500x667.jpg 500w, https:\/\/mustjalakogudus.ee\/wp-content\/uploads\/2023\/04\/kirik2-800x1067.jpg 800w, https:\/\/mustjalakogudus.ee\/wp-content\/uploads\/2023\/04\/kirik2-1280x1707.jpg 1280w, https:\/\/mustjalakogudus.ee\/wp-content\/uploads\/2023\/04\/kirik2-scaled.jpg 1920w\" sizes=\"(max-width: 768px) 100vw, 768px\" \/><figcaption id=\"caption-attachment-1525\" class=\"wp-caption-text\">Tule meie kirikusse<\/figcaption><\/figure><p style=\"text-align: center;\"><strong>Kontakt<\/strong><\/p><p style=\"text-align: center;\">Kiriku t\u00e4nav 3, Mustjala k\u00fcla, Saaremaa, Eesti<\/p><p style=\"text-align: center;\">Tel: +372 5177350 \u00f5p. Rene Reinsoo<\/p><p style=\"text-align: center;\">E-post: mustjala@eelk.ee<\/p><p style=\"text-align: center;\">Meie koguduse arveldusarve pangas:<br class=\"html-br\" \/><strong>EELK Mustjala kogudus<\/strong><br class=\"html-br\" \/><strong>EE381010602009607009<\/strong><\/p>\t\t\t\t\t\t\t\t<\/div>\n\t\t\t\t<\/div>\n\t\t\t\t\t<\/div>\n\t\t<\/div>\n\t\t\t\t\t<\/div>\n\t\t<\/section>\n\t\t\t\t<\/div>\n\t\t","protected":false},"excerpt":{"rendered":"<p>EELK Mustjala Anna kogudus Kontakt Kiriku t\u00e4nav 3, Mustjala k\u00fcla, Saaremaa, Eesti Tel: +372 5177350 \u00f5p. Rene Reinsoo E-post: mustjala@eelk.ee Meie koguduse arveldusarve pangas:EELK Mustjala kogudusEE381010602009607009<\/p>\n","protected":false},"author":1,"featured_media":0,"parent":0,"menu_order":0,"comment_status":"closed","ping_status":"closed","template":"","meta":{"_kad_post_transparent":"","_kad_post_title":"","_kad_post_layout":"","_kad_post_sidebar_id":"","_kad_post_content_style":"","_kad_post_vertical_padding":"","_kad_post_feature":"","_kad_post_feature_position":"","_kad_post_header":false,"_kad_post_footer":false,"footnotes":""},"class_list":["post-1518","page","type-page","status-publish","hentry"],"_links":{"self":[{"href":"https:\/\/mustjalakogudus.ee\/index.php?rest_route=\/wp\/v2\/pages\/1518","targetHints":{"allow":["GET"]}}],"collection":[{"href":"https:\/\/mustjalakogudus.ee\/index.php?rest_route=\/wp\/v2\/pages"}],"about":[{"href":"https:\/\/mustjalakogudus.ee\/index.php?rest_route=\/wp\/v2\/types\/page"}],"author":[{"embeddable":true,"href":"https:\/\/mustjalakogudus.ee\/index.php?rest_route=\/wp\/v2\/users\/1"}],"replies":[{"embeddable":true,"href":"https:\/\/mustjalakogudus.ee\/index.php?rest_route=%2Fwp%2Fv2%2Fcomments&post=1518"}],"version-history":[{"count":27,"href":"https:\/\/mustjalakogudus.ee\/index.php?rest_route=\/wp\/v2\/pages\/1518\/revisions"}],"predecessor-version":[{"id":1852,"href":"https:\/\/mustjalakogudus.ee\/index.php?rest_route=\/wp\/v2\/pages\/1518\/revisions\/1852"}],"wp:attachment":[{"href":"https:\/\/mustjalakogudus.ee\/index.php?rest_route=%2Fwp%2Fv2%2Fmedia&parent=1518"}],"curies":[{"name":"wp","href":"https:\/\/api.w.org\/{rel}","templated":true}]}}